er when 378089 is divided by 94465.
229
What is the remainder when 7406509 is divided by 2468803?
100
Calculate the remainder when 1498903 is divided by 1498405.
498
Calculate the remainder when 277370 is divided by 100.
70
Calculate the remainder when 54882268 is divided by 118.
114
Calculate the remainder when 31093 is divided by 2467.
1489
What is the remainder when 3057188 is divided by 257?
173
What is the remainder when 5874050 is divided by 4550?
0
Calculate the remainder when 1584565 is divided by 528185.
10
What is the remainder when 34378 is divided by 11207?
757
Calculate the remainder when 195029464 is divided by 4002.
4000
Calculate the remainder when 25913587 is divided by 591.
10
Calculate the remainder when 27934 is divided by 26978.
956
What is the remainder when 20015301 is divided by 81363?
3
What is the remainder when 22009 is divided by 10892?
225
Calculate the remainder when 433434 is divided by 145.
29
What is the remainder when 13174978 is divided by 247?
245
Calculate the remainder when 80849879 is divided by 547.
544
Calculate the remainder when 1044759 is divided by 2.
1
Calculate the remainder when 436510 is divided by 243.
82
Calculate the remainder when 290974 is divided by 145197.
580
Calculate the remainder when 12381058 is divided by 437.
411
Calculate the remainder when 50431985 is divided by 39.
32
Calculate the remainder when 39279355 is divided by 20.
15
What is the remainder when 18571766 is divided by 70082?
36
What is the remainder when 1077935263 is divided by 656?
655
What is the remainder when 20745395 is divided by 276605?
20
Calculate the remainder when 16947 is divided by 2602.
1335
Calculate the remainder when 4003825 is divided by 1334566.
127
Calculate the remainder when 426105102 is divided by 8.
6
Calculate the remainder when 47541 is divided by 2847.
1989
What is the remainder when 3077693 is divided by 26997?
35
What is the remainder when 5066154 is divided by 1219?
1209
Calculate the remainder when 315862 is divided by 3405.
2602
Calculate the remainder when 42012984 is divided by 267.
0
What is the remainder when 292331 is divided by 292040?
291
Calculate the remainder when 2130577 is divided by 1619.
1592
Calculate the remainder when 20961973 is divided by 28953.
1
Calculate the remainder when 348561 is divided by 174142.
277
Calculate the remainder when 10018 is divided by 95.
43
Calculate the remainder when 7766 is divided by 377.
226
Calculate the remainder when 932516 is divided by 1206.
278
Calculate the remainder when 501974 is divided by 128.
86
What is the remainder when 12924944 is divided by 419?
51
What is the remainder when 155748 is divided by 16440?
7788
What is the remainder when 4002808 is divided by 500350?
8
What is the remainder when 2108776 is divided by 2359?
2189
What is the remainder when 28281957 is divided by 945?
942
What is the remainder when 2025229 is divided by 1858?
9
What is the remainder when 112372406 is divided by 27?
26
Calculate the remainder when 3440894 is divided by 4594.
4582
What is the remainder when 7282429 is divided by 68702?
17
What is the remainder when 1902625 is divided by 380523?
10
Calculate the remainder when 61537763 is divided by 43.
33
Calculate the remainder when 74774 is divided by 12439.
140
What is the remainder when 213333 is divided by 3282?
3
What is the remainder when 136326 is divided by 5049?
3
What is the remainder when 50901 is divided by 126?
123
Calculate the remainder when 22431832 is divided by 113.
89
Calculate the remainder when 8106810 is divided by 4053370.
70
Calculate the remainder when 261903 is divided by 43503.
885
Calculate the remainder when 766640 is divided by 18.
2
What is the remainder when 1976602 is divided by 1398?
1228
What is the remainder when 27285947 is divided by 1914?
1877
Calculate the remainder when 32785 is divided by 3553.
808
Calculate the remainder when 631829 is divided by 26316.
245
What is the remainder when 993411 is divided by 55131?
1053
What is the remainder when 14332417 is divided by 4777447?
76
What is the remainder when 4185178 is divided by 1243?
1240
Calculate the remainder when 714395 is divided by 1278.
1271
What is the remainder when 7423 is divided by 1151?
517
What is the remainder when 216990 is divided by 72295?
105
What is the remainder when 7782594 is divided by 170?
164
Calculate the remainder when 255602 is divided by 109.
106
What is the remainder when 2011777 is divided by 1220?
1217
Calculate the remainder when 80725 is divided by 476.
281
What is the remainder when 1555768 is divided by 524?
12
What is the remainder when 92367606 is divided by 67?
66
Calculate the remainder when 1526622 is divided by 84812.
6
What is the remainder when 2026375 is divided by 2829?
811
Calculate the remainder when 50625 is divided by 7754.
4101
What is the remainder when 3237017 is divided by 6225?
17
Calculate the remainder when 4331658 is divided by 25631.
19
Calculate the remainder when 11720 is divided by 1065.
5
What is the remainder when 18918858 is divided by 213?
198
What is the remainder when 742390 is divided by 108?
106
What is the remainder when 73527 is divided by 3346?
3261
What is the remainder when 228157 is divided by 16?
13
What is the remainder when 2289864 is divided by 109?
101
What is the remainder when 676468 is divided by 10697?
2557
What is the remainder when 47934 is divided by 15462?
1548
Calculate the remainder when 19786 is divided by 937.
109
What is the remainder when 33298 is divided by 4344?
2890
What is the remainder when 74052 is divided by 6179?
6083
Calculate the remainder when 312772 is divided by 1604.
1596
What is the remainder when 14534706 is divided by 413?
410
What is the remainder when 331902 is divided by 3580?
2542
What is the remainder when 973734 is divided by 324566?
36
What is the remainder when 55197108 is divided by 3942650?
8
What is the remainder when 14011891 is divided by 2159?
2140
Calculate the remainder when 3982306 is divided by 153162.
94
Calculate the remainder when 297018641 is divided by 10382.
3
Calculate the remainder when 5103958 is divided by 587.
580
What is the remainder when 6335856 is divided by 3167881?
94
Calculate the remainder when 11889 is divided by 18.
9
Calculate the remainder when 72489 is divided by 2256.
297
Calculate the remainder when 337339 is divided by 192.
187
Calculate the remainder when 16014837 is divided by 232.
109
Calculate the remainder when 12828431 is divided by 10646.
1
What is the remainder when 6296050 is divided by 3148011?
28
What is the remainder when 8927102 is divided by 6647?
181
What is the remainder when 17406167 is divided by 26?
25
Calculate the remainder when 315181 is divided by 685.
81
Calculate the remainder when 1699882 is divided by 319.
250
What is the remainder when 120821 is divided by 120410?
411
Calculate the remainder when 30952335 is divided by 131712.
15
Calculate the remainder when 86175413 is divided by 29.
28
Calculate the remainder when 2584564 is divided by 15.
4
What is the remainder when 1149879 is divided by 4618?
4615
Calculate the remainder when 22275341 is divided by 20818.
81
Calculate the remainder when 46381033 is divided by 30.
13
Calculate the remainder when 5852277 is divided by 832.
821
Calculate the remainder when 992684 is divided by 6405.
6314
Calculate the remainder when 58638 is divided by 5770.
938
What is the remainder when 681498 is divided by 3525?
1173
Calculate the remainder when 50844 is divided by 2988.
48
What is the remainder when 752121 is divided by 1992?
1137
What is the remainder when 72984 is divided by 1197?
1164
What is the remainder when 67637633 is divided by 2374?
2373
Calculate the remainder when 109062 is divided by 132.
30
Calculate the remainder when 33931436 is divided by 16965713.
10
What is the remainder when 19617450 is divided by 84?
6
Calculate the remainder when 139925800 is divided by 11660482.
16
What is the remainder when 43419 is divided by 2059?
180
What is the remainder when 27297 is divided by 26827?
470
What is the remainder when 242617 is divided by 4757?
10
What is the remainder when 2285292 is divided by 2070?
12
Calculate the remainder when 19734235 is divided by 2260.
2175
Calculate t